-53 - -83. What is the highest common divisor of l and z?
15
Suppose -222*a + 1392 = -198*a. What is the highest common divisor of 377 and a?
29
Suppose 0*n + 2*k = 5*n - 62, -2*k - 34 = -3*n. Suppose 134*a - 37*a + 7155 = 43821. Calculate the greatest common factor of n and a.
14
Let u be ((-16)/(-14))/(4/7). Let j = -149 - -271. Suppose -7*n + u*n = -3*i - 603, n = 2*i + j. Calculate the highest common factor of 15 and n.
15
Suppose 7563 + 5296 = 7*z. Calculate the greatest common factor of 501 and z.
167
Let l = 443 - 441. Suppose 5*a + 79 = p, -l*p - 3*a + 57 = -75. What is the highest common divisor of 69 and p?
69
Let i be 28 - (2 + 0/(-3)) - -2. Let p be (-3)/(-12) - 666/(-24). Calculate the highest common divisor of i and p.
28
Let p(f) = 9*f**2 - 13*f - 46. Let q be p(14). What is the greatest common factor of 448 and q?
64
Suppose -5*q = 5*y - 635, 3*q + 2*y - 125 = 257. Calculate the greatest common factor of 88 and q.
8
Suppose -10*n = 4*b - 6*n - 956, -b = 3*n - 241. Calculate the highest common divisor of 102 and b.
34
Let l(s) = -3*s + 107. Let t be l(1). What is the highest common factor of t and 221?
13
Suppose g = 3*k + 12, 0 = g + 165*k - 162*k. Calculate the greatest common divisor of 2640 and g.
6
Suppose 22*n - 49*n = 62*n - 9612. Calculate the greatest common divisor of 3078 and n.
54
Let f be (2 - -2 - 2)*(-1)/2. Let o be (-1)/2*f*(-5 + 5). Suppose o*x + 44 = 2*n + 4*x, n - 5*x = 1. What is the greatest common divisor of 24 and n?
8
Let u(c) = -5*c. Let y be u(-1). Suppose -l = -y*l. Suppose l = 4*a + 2*a - 108. What is the highest common factor of 12 and a?
6
Let o be (-7)/(60/20 - (-408)/(-135)). What is the greatest common divisor of 1152 and o?
9
Let j(a) = -54*a - 660. Let q be j(-17). Calculate the highest common divisor of 946 and q.
86
Let x(g) = 2*g**2 - 12*g + 13. Let h be x(4). Let s be h + 3 - (-2 - -29)*-1. Calculate the greatest common divisor of s and 117.
9
Let z be (0 - -3 - 1) + 28. Suppose 3*k - z = 27. Suppose 4*l + 36 = 4*p - 0*l, -k = -3*p - 5*l. Calculate the greatest common factor of 20 and p.
4
Let u(g) = -5*g - 3 + 1 - 4 - 4. Let k be u(-5). Let z be 29*(10/k)/(2/3). What is the highest common factor of 261 and z?
29
Suppose 21*f + 150 = -18. Let x(p) = -2*p**3 - 2*p**2 + 27*p - 2. Let s be x(f). What is the highest common factor of 6 and s?
6
Suppose 507*j - 516*j + 18 = 0. Calculate the highest common divisor of 526 and j.
2
Let k(q) = 7*q**2 + 13*q + 8. Let y be k(-8). Suppose 9*n - 1312 = 4*n - 4*t, -n = -5*t - 274. What is the highest common factor of n and y?
88
Suppose 4*q = 27 + 149. Let s = 56 - q. Let h(v) = -v**2 + 13*v. Let u be h(s). Calculate the greatest common factor of u and 4.
4
Suppose 91*w - 2268 = 73*w. Let j(m) = 2*m**2 - 4*m - 2. Let r be -1 + 2/4*-4. Let g be j(r). What is the greatest common divisor of w and g?
14
Suppose 2*h = 4*h - 38. Suppose 10754 = 29*y - 48*y. Let u = y + 642. What is the greatest common divisor of u and h?
19
Suppose 4*w - a = 4831, -w + 5*a = 323 - 1545. What is the greatest common divisor of 355 and w?
71
Suppose 120 = 7*s - 2*s. Let x = s + -19. Suppose -x*j + 11*j = 12. Calculate the greatest common factor of 26 and j.
2
Suppose 3*v + 4*k = -0*v + 1189, -k - 2 = 0. Let y be (-4)/(-14) - (-2 + (-6212)/14). Suppose -y = -6*w - 104. What is the greatest common factor of w and v?
57
Let x = 32 - 4. Let u be (4/((-140)/15))/(1/(-7)). Suppose 0 = 4*z + u*z - 1568. Calculate the highest common factor of x and z.
28
Let i(c) = -8 - 2*c + 28*c**2 + 16*c**3 + 32*c**2 - 78*c**2 - 17*c**3 + c. Suppose z = 3*z + 36. Let r be i(z). What is the highest common divisor of 10 and r?
10
Let t be (7337/(-33) + 1)*-24. Calculate the highest common factor of t and 8.
8
Let m(u) = 3*u - 23. Let q be m(9). Suppose -q*t = 3*c - 191, 0*t = c + t - 65. Let j = 90 - c. What is the greatest common factor of 168 and j?
21
Suppose 1120 = 8*r - 1688. Calculate the greatest common factor of r and 39.
39
Let q be (2/(-2))/(-6) - (-17724)/(-72). Let s be q/(-22) + (-1120)/110 + 10. Calculate the greatest common divisor of s and 176.
11
Let d = 1 - -25. Let a = -478 - -514. Let b = a - d. Calculate the highest common divisor of 70 and b.
10
Let i = 49 + 768. Let z(g) = g**3 + 67*g**2 + 567*g - 128. Let k be z(-57). What is the greatest common factor of i and k?
43
Let v be 492/(-1353) + ((-74)/(-22) - -1). Suppose 2*x - 8 = -0. Calculate the highest common factor of x and v.
4
Let n = -23 + 33. Suppose c = 2*c - n. Let j(a) = -7*a + 182. Let z be j(16). What is the highest common divisor of c and z?
10
Suppose 4*h - 1388 - 88 = -2*u, -h + 20*u = -451. Let t be 4/(-4) - (-53 + -1). What is the greatest common divisor of h and t?
53
Suppose 4*f + 134 = 658. Let q = 580 - 648. Let t = q + f. Calculate the highest common factor of t and 9.
9
Suppose -5*b + 2*x + 140 = -362, -2*x + 110 = b. Let u(w) = -w. Let a be u(-3). Calculate the highest common factor of a and b.
3
Let n(p) = -15*p + 14. Let g be n(7). Let q = 73 - g. Suppose -q = -b + 45. Calculate the greatest common factor of 19 and b.
19
Let u be 3*((-2)/2 + (-355)/(-3)). Let o(m) = 11*m - 1. Let h be o(3). What is the greatest common divisor of u and h?
32
Suppose 699*d - 703*d + 34800 = 0. Suppose 29*w - d = -0*w. Calculate the greatest common divisor of w and 36.
12
Let x = -30104 + 30116. Calculate the greatest common divisor of x and 5178.
6
Suppose -31 = -3*q - 2*x, 5*x = -4*q - 0*x + 53. Let d = -20 - -119. Let a = d - 98. Calculate the greatest common divisor of a and q.
1
Let f be (-1653)/(-6) - (-63)/14. Suppose x - 3*x = 5*p - 260, -5*x + 592 = -2*p. Calculate the greatest common divisor of f and x.
40
Suppose -p + 5*d + 43 = -37, 4 = 4*d. Let c = 46 - p. Let t = c + 76. What is the greatest common divisor of 185 and t?
37
Suppose -2*o = -2*v - 6, -5*o + 3 = -6*v + 5*v. Suppose 0 = -4*d - 3*a + 6*a + 345, 4*d + 2*a - 330 = o. Calculate the highest common factor of 132 and d.
12
Let l = 4904 - 1537. Calculate the highest common divisor of l and 26.
13
Suppose -5*w = -t + 3, -14 = -2*w - 2*t - 8. Suppose w = -10*z + 251 + 39. What is the greatest common factor of 1189 and z?
29
Suppose -17280 = 13*j + 7*j. Let d = -126 - j. Calculate the highest common factor of d and 18.
18
Suppose -71*l + 75*l - 172 = 0. Let p = -19 + l. Let q = 101 - 5. What is the highest common factor of q and p?
24
Let d(c) = -11*c - 1. Let u be -14*(2/9 + 1040/(-630)). Suppose 7*p - 13 + u = 0. Let m be d(p). Calculate the greatest common factor of m and 80.
10
Let j(i) = -45*i - 11210. Let g be j(-250). Suppose 3*a + 6 = 0, -4*a - a = -l + 26. Suppose 0*t - l = -t. Calculate the greatest common factor of t and g.
8
Let d be 424/212*(2/(-3) + (-578)/(-12)). Calculate the greatest common factor of d and 2375.
95
Let i(h) = -h**3 + 7*h**2 + 13*h - 26. Let k be i(8). Let u(s) = -s + 4. Let v be u(-3). Calculate the greatest common factor of k and v.
7
Let a(q) = -7*q + 4. Let i(z) = -7*z + 4. Let n(o) = -3*a(o) + 2*i(o). Let u be n(10). Let l = 34 + -28. Calculate the highest common factor of l and u.
6
Suppose -3*i = -2*i + 3*l - 686, 0 = 5*i + 3*l - 3382. Let z = i - 575. Calculate the highest common factor of 330 and z.
33
Let f(o) = o**3 - 13*o**2 - 145*o + 1783. Let d be f(15). Let r = -7 - -15. Calculate the highest common divisor of r and d.
2
Let f(v) = -2*v - 2. Let g be f(-1). Let z = g + 1. Let l be ((-12)/14 - 0)/(z/(-7)). What is the greatest common divisor of 30 and l?
6
Let n be (0 - 1) + 2*2. Let m = 194 + -391. Let l = 198 + m. Calculate the greatest common divisor of n and l.
1
Let s(z) = -z**3 - 24*z**2 - 15*z - 16. Let x be s(-23). Let c be (6/5)/((-30)/x). Let h = c - -16. Calculate the greatest common divisor of h and 72.
24
Let r(z) = 3*z**2 - 33*z - 188. Let t = 364 - 371. Let n be r(t). Calculate the highest common factor of n and 10.
10
Let m = 285 + -282. Let b be (3 - m)/6 - -266. Calculate the greatest common factor of b and 14.
14
Suppose 10*x - 1456 + 180 = -12*x. Calculate the greatest common factor of x and 1073.
29
Let f = 43 - 27. Suppose z - 36 = -4*d, 0 = 2*z - 3*d + d - 22. Calculate the greatest common divisor of f and z.
16
Let q be (1*2)/(516/(-264) + 2). What is the greatest common divisor of 3586 